 498/26?
16
Let k = 7 + 2. Calculate the remainder when 89 is divided by k.
8
Suppose -42 = -f - 2*x, -x + 114 = 3*f + 2*x. Calculate the remainder when 66 is divided by f.
32
Let q(p) be the third derivative of 5*p**4/8 - p**3/6 - 2*p**2. Let b be 3/(-6) - (-6)/4. What is the remainder when 27 is divided by q(b)?
13
Let l(i) be the second derivative of 3*i**5/20 - i**4/12 - i**3/6 + i**2/2 - 2*i. Calculate the remainder when 2 is divided by l(1).
0
Suppose -13*n + 17 = -22. What is the remainder when 1/((-1)/(-12)*3) is divided by n?
1
Let i be 0/3*(-1)/(-2). Suppose 2*u - 7*u + 200 = i. Let g(d) = d**2 + 3*d + 3. What is the remainder when u is divided by g(3)?
19
Let s = -27 + 41. Calculate the remainder when 41 is divided by s.
13
Let c = 80 - 39. What is the remainder when c is divided by 15?
11
Let x be ((-475)/10)/((-1)/2). Suppose 3 = i - 3*r - 20, x = 3*i + 4*r. Calculate the remainder when i is divided by 16.
13
Let u = 43 + -28. Suppose 3*q - 2*z - 175 = -4*z, -2*z - 281 = -5*q. Calculate the remainder when q is divided by u.
12
Suppose 4*j - 21 = -v, -v + 2*j - 13 = -2*v. What is the remainder when v is divided by 4?
1
Suppose -5*k - 5 = -6*k. Suppose 3*y - 209 = -k*i, 5*i - 4*i = -5*y + 33. What is the remainder when i is divided by 23?
20
Suppose -20 = 4*s, 0*d - 3*d = -3*s - 252. Calculate the remainder when d is divided by 20.
19
Suppose -2*d = -6*d + 264. What is the remainder when d is divided by 34?
32
Suppose -4*r = -15 - 5. Suppose -5*b + 90 = r*a, 0*b + 15 = b + 2*a. Suppose -q + 2*n = 4*q - 53, 12 = q + n. Calculate the remainder when b is divided by q.
10
Suppose 8 = 9*p - 7*p. Calculate the remainder when 18 is divided by p.
2
Let y(l) = 5*l**3 - 4*l**3 - l + l**2 - 8 + 14*l**2 - 4*l**2. Let p(t) = 2*t**3 + t**2 + t - 1. Calculate the remainder when y(-11) is divided by p(1).
0
Suppose 3*b - 17 = -g, -4*b = -b - 2*g - 20. Suppose -20 = -2*v - 0*v. Calculate the remainder when v is divided by b.
4
What is the remainder when 12 is divided by (-9)/(-27)*(15 - 0)?
2
Let q(p) = 6*p + 20. Calculate the remainder when q(6) is divided by 15.
11
Let h be (-400)/(-18) + (-4)/18. Suppose -5*c - 2160 = -c. What is the remainder when 4/h + c/(-55) is divided by 6?
4
Let p(g) = -11*g + 11. What is the remainder when 129 is divided by p(-2)?
30
Suppose 0 = -0*d + d - 5. Let u be (4/d)/((-2)/(-25)). Let g(f) = f - 9. Calculate the remainder when g(u) is divided by 1.
0
Let v = 145 - 100. Calculate the remainder when 314 is divided by v.
44
Let x(k) be the first derivative of k**4/4 - 5*k**3/3 - 3*k**2 + 2*k - 2. Let n be x(6). Suppose q = n*q - 9. Calculate the remainder when 17 is divided by q.
8
Suppose 11*c - 12*c + 7 = 0. Calculate the remainder when 33 is divided by c.
5
Calculate the remainder when (-5 - -117)*2/4 is divided by 19.
18
Let t(d) be the second derivative of 0 + 2*d**3 - 3/2*d**2 - d. Calculate the remainder when t(3) is divided by 17.
16
Let y = 29 - 44. Let g = -1 - y. What is the remainder when g is divided by (-8)/(1*1/(-1))?
6
Let q = 133 - 106. What is the remainder when 132 is divided by q?
24
Let b = 20 + -9. Suppose -3*w + 3 = j - 1, 0 = -j - 2*w + 5. Calculate the remainder when b is divided by j.
4
Suppose 7*u = 4*a + 2*u - 29, 0 = -2*a + 4*u + 10. Calculate the remainder when a is divided by 7.
4
Suppose -l - l = -4*v, -3*v - 13 = 5*l. What is the remainder when 51 is divided by (0 - 3) + v + 17?
12
Suppose -2 = 2*b - 4*r - 0, -5*r + 4 = -2*b. Suppose 0 = -3*z + 7*z - 8, -3*z = -3*o + 6. What is the remainder when o is divided by b?
1
Let n(r) = -r**2 - 10. Let k(g) = -g**2 - g - 11. Let z(w) = 6*k(w) - 7*n(w). Calculate the remainder when 32 is divided by z(7).
10
Let g(o) = o**3 + 6*o**2 - 7*o - 24. Calculate the remainder when 69 is divided by g(-6).
15
Let q(j) = 5*j + 5. What is the remainder when q(9) is divided by (13/2)/(5/20)?
24
Let b = 5 + 22. What is the remainder when b is divided by 18?
9
Let n(y) = 25*y + 2. Let h = 13 - 20. Let i = -5 - h. What is the remainder when n(i) is divided by 18?
16
Let q be (-3)/1 - -1 - -2. Suppose q*a + 3 = a. What is the remainder when 10 is divided by a?
1
Let o(q) be the third derivative of -q**6/120 + q**5/10 + q**4/12 - q**3 + q**2. Let u = -30 - -47. Calculate the remainder when u is divided by o(6).
5
Suppose 5*m + 5 = -10. What is the remainder when (-3 + 1)*159/m is divided by 27?
25
Let v = 290 + -129. Calculate the remainder when v is divided by 41.
38
Let a(v) = 21*v**3 - 2*v**2 - v. Calculate the remainder when a(2) is divided by 40.
38
Suppose -12*m = -7*m - 60. Suppose -64 = -3*c - 1. What is the remainder when c is divided by m?
9
Suppose 5*m = 4*i + 1 - 20, -3*m = -15. Suppose -1 + 51 = 2*q. Let j = 45 - q. Calculate the remainder when j is divided by i.
9
Suppose 3*q + 5*q = 64. Calculate the remainder when 31 is divided by q.
7
Suppose 112 = 5*h + 4*f - 38, -5*h + f = -125. Calculate the remainder when 102 is divided by h.
24
Let r = -24 - -25. Let c = r + 5. What is the remainder when 15 is divided by c?
3
Let z = -32 + 64. Let r = -2 + 2. Suppose 4*j + 2*a - 49 = 3*a, r = -j + a + 16. Calculate the remainder when z is divided by j.
10
Let a = -12 + 21. Calculate the remainder when a is divided by 6.
3
Let q = -25 - -17. Let c = q - -14. What is the remainder when 9 is divided by c?
3
Let y = 4 - 18. Let f = y + 48. What is the remainder when f is divided by 9?
7
Let q be 1 - 2/1 - -1. Suppose q*u - 80 = -4*u. Suppose 59 = 5*b - 2*x, -5*b - x - x + 51 = 0. What is the remainder when u is divided by b?
9
Suppose k = -k + 3*l + 184, -k + 98 = -3*l. Calculate the remainder when k is divided by 22.
20
Let x = 24 - 11. Suppose -x = 2*q - 3*q. What is the remainder when 62 is divided by q?
10
Let m = 4 - 3. Let q be ((-16)/(-20))/(2/10). Suppose -a = q*n - 9, 4*n = -0*n + 8. What is the remainder when m is divided by a?
0
Let u(h) = 2*h + 2. Let l(t) = t - 9. Let y be l(8). Let q = y + 16. Calculate the remainder when q is divided by u(3).
7
Suppose 9*a - 67 = 4*a + 3*g, 3*g - 31 = -2*a. Let p(x) = -x**2 + 5*x - 2. What is the remainder when a is divided by p(3)?
2
Suppose -5*y + 13 + 12 = 0, 3*s + 2 = y. Suppose 4*b + 5*h = 61, 0*h - 41 = -2*b + h. Let o = s + b. What is the remainder when o is divided by 7?
6
Suppose 4*z + 2*z = 228. Suppose -4*y + 65 = y. Calculate the remainder when z is divided by y.
12
Suppose 15 = -5*c - 0. Let j(d) = -3*d**2 + 5*d + 6. Let b(o) = -o**2 + 3*o + 3. Let f(r) = 5*b(r) - 3*j(r). Calculate the remainder when f(c) is divided by 17.
16
Let v be 1482/10 - (-4)/(-20). Suppose -v = -3*m - 7. Calculate the remainder when m is divided by 24.
23
Let j(n) = -3 + n**2 + 2 + 0. Let i(f) = -f**3 + 8*f**2 - 7*f - 3. Let x be i(7). What is the remainder when 14 is divided by j(x)?
6
Suppose 0 = 7*g - 9 - 152. Calculate the remainder when 112 is divided by g.
20
Let p(h) = h + 3 - 4 + 0*h + 2. Let v be p(2). Suppose s + 60 = v*s. Calculate the remainder when s is divided by 11.
8
Let d(n) = n**3 - 6*n**2 - 2*n + 10. Let z be d(7). Let l = z - 17. Calculate the remainder when l is divided by 15.
13
Suppose -5*v = -4*v - 6. Suppose 2*w + 28 = 2*b, -v*b + b - w = -58. What is the remainder when 21 is divided by b?
9
Suppose 2*h - 33 = 3*b, 5*h + 0*b = -4*b + 71. Calculate the remainder when 27 is divided by h.
12
Suppose 49 = -5*r + 139. What is the remainder when r is divided by 10?
8
Suppose 12 = -4*v, 0 = -2*a + 2*v + 11 + 3. Calculate the remainder when 13 is divided by a.
1
Let c(a) be the second derivative of -a**3/6 + 5*a**2 - a. Let j be c(-8). Let r = 68 - j. What is the remainder when r is divided by 17?
16
Let v(g) = -g + 2. Suppose 0 = 3*a - 0*a + 18. Let x be v(a). Suppose 104 = 4*w - x. What is the remainder when 83 is divided by w?
27
Calculate the remainder when ((-14)/(-12) - 1) + 1192/48 is divided by 6.
1
What is the remainder when 232 + -5 - 4 - 5 is divided by 13?
10
Let g(j) = -6*j + 4*j - 3 - 12. What is the remainder when 9 is divided by g(-10)?
4
What is the remainder when 415/5 + 2 + 3 is divided by 45?
43
Suppose 0 = -z + 4, m + z = -m + 56. Calculate the remainder when m is divided by 7.
5
Calculate the remainder when 117 is divided by 31 + (-2 - (3 + -4)).
27
Suppose -9*p + 375 = -4*p. Let f = -